{"id":755,"date":"2018-08-29T14:19:05","date_gmt":"2018-08-29T17:19:05","guid":{"rendered":"https:\/\/dfd-caba.infd.edu.ar\/sitio\/revista\/"},"modified":"2019-01-09T16:43:44","modified_gmt":"2019-01-09T19:43:44","slug":"revista","status":"publish","type":"page","link":"https:\/\/ucsfd-caba.infd.edu.ar\/sitio\/revista\/","title":{"rendered":"Revista"},"content":{"rendered":"<p style=\"text-align: center;\">\u00a0<span style=\"font-family: verdana,geneva;\"><span style=\"font-size: 10pt;\"><span style=\"color: #000080;\"><span style=\"font-size: 12pt;\"><strong>Revista <em>La Educaci\u00f3n Superior en el Ciudad<\/em><\/strong><\/span><\/span><\/span><\/span><\/p>\n<p><span class=\"Texto_verdana\" style=\"font-size: 10pt;\">Esta Direcci\u00f3n emite una publicaci\u00f3n que se entrega a trav\u00e9s del correo electr\u00f3nico a los profesionales de la educaci\u00f3n interesados en recibir informaci\u00f3n general sobre Instituciones, actividades acad\u00e9micas, investigaciones y novedades de nuestras instituciones\u00a0 y de la Educaci\u00f3n Superior en general.<\/span><\/p>\n<p><span class=\"Texto_verdana\" style=\"font-size: 10pt;\">Para suscribirse env\u00ede un\u00a0correo electr\u00f3nico\u00a0a:<\/span><\/p>\n<p><span style=\"font-size: 10pt;\"><a href=\"mailto:laeducacionsuperiorenlaciudad+subscribe@googlegroups.com\">laeducacionsuperiorenlaciudad+subscribe@googlegroups.com<\/a><\/span><\/p>\n<p><span class=\"Texto_verdana\" style=\"font-size: 10pt;\">Recibir\u00e1 un correo de\u00a0respuesta con instrucciones.<\/span><\/p>\n<p><span class=\"Texto_verdana\" style=\"font-size: 12pt;\">Para bajar el n\u00famero 5 clickee <a title=\"La Educaci\u00f3n Superior en la Ciudad, A\u00f1o 3 Nro 5 - noviembre de 2018\" href=\"https:\/\/ucsfd-caba.infd.edu.ar\/sitio\/wp-content\/uploads\/2019\/01\/La_Educacion_Superior_en_la_Ciudad_5.pdf\" target=\"_blank\" rel=\"noopener\">aqu\u00ed<\/a>.<\/span><\/p>\n<p>&nbsp;<\/p>\n<p><span class=\"Texto_verdana\" style=\"font-size: 10pt;\">N\u00fameros anteriores:<br \/>\n<\/span><span class=\"Texto_verdana\" style=\"font-size: 10pt;\"><a title=\"La Educaci\u00f3n Superior en la Ciudad A\u00f1o 3 Nro 4 - 30 de enero de 2018\" href=\"upload\/revista_la_educacion_superior_nro_4.pdf\" target=\"_blank\" rel=\"noopener\">La Educaci\u00f3n Superior en la Ciudad, A\u00f1o 3, Nro 4, noviembre de 2018<\/a><br \/>\n<\/span><span class=\"Texto_verdana\" style=\"font-size: 10pt;\"><a title=\"La Educaci\u00f3n Superior en la Ciudad 3\" href=\"upload\/La_Educacion_Superior_en_la_Ciudad_3_resolucion_baja.pdf\" target=\"_blank\" rel=\"noopener\">La Educaci\u00f3n Superior en la Ciudad, A\u00f1o 2, Nro 3, 20 de enero de 2017<\/a><br \/>\n<\/span><span class=\"Texto_verdana\" style=\"font-size: 10pt;\"><a title=\"La Educaci\u00f3n Superior en la Ciudad 2\" href=\"upload\/La_Educacion_Superior_en_la_Ciudad_2.pdf\" target=\"_blank\" rel=\"noopener\">La Educaci\u00f3n Superior en la Ciudad, A\u00f1o 1, Nro 2, 13 de octubre de 2016<\/a><br \/>\n<\/span><span class=\"Texto_verdana\" style=\"font-size: 10pt;\"><a title=\"La Educaci\u00f3n Superior en la Ciudad 1\" href=\"upload\/LaEducacionSuperiorEnLaCiudad.pdf\" target=\"_blank\" rel=\"noopener\">La Educaci\u00f3n Superior en la Ciudad, A\u00f1o 1, Nro 1, 26 de julio de 2016<\/a><\/span><\/p>\n<p><span class=\"Texto_verdana\" style=\"font-size: 10pt;\">\u00a0<\/span><span class=\"Texto_verdana\" style=\"font-size: 10pt;\">Otras publicaciones:<\/span><br \/>\n<span class=\"Texto_verdana\" style=\"font-size: 10pt;\"><a title=\"Propuestas did\u00e1cticas para la educaci\u00f3n incial\" href=\"upload\/propuestas_didacticas_para_el_nivel_inicial.pdf\" target=\"_blank\" rel=\"noopener\">Propuestas did\u00e1cticas para la educaci\u00f3n incial<\/a><\/span><\/p>\n<p><span class=\"Texto_verdana\" style=\"font-size: 10pt;\"><a title=\"La intervenci\u00f3n tutorial en la construcci\u00f3n de las trayectorias estudiantiles en el Nivel Superior\" href=\"upload\/la_intervencion_tutorial_en_la_construccion_de_las_trayectorias_estudiantiles_en_el_nivel_superior.pdf\" target=\"_blank\" rel=\"noopener\">La intervenci\u00f3n tutorial en la construcci\u00f3n de las trayectorias estudiantiles en el Nivel Superior<\/a><\/span><\/p>\n<p>&nbsp;<\/p>\n","protected":false},"excerpt":{"rendered":"<p>\u00a0Revista La Educaci\u00f3n Superior en el Ciudad Esta Direcci\u00f3n emite una publicaci\u00f3n que se entrega a trav\u00e9s del correo electr\u00f3nico a los profesionales de la educaci\u00f3n interesados en recibir informaci\u00f3n general sobre Instituciones, actividades acad\u00e9micas, investigaciones y novedades de nuestras instituciones\u00a0 y de la Educaci\u00f3n Superior en general. Para suscribirse env\u00ede un\u00a0correo electr\u00f3nico\u00a0a: laeducacionsuperiorenlaciudad+subscribe@googlegroups.com Recibir\u00e1 &#8230; <a title=\"Revista\" class=\"read-more\" href=\"https:\/\/ucsfd-caba.infd.edu.ar\/sitio\/revista\/\" aria-label=\"More on Revista\">[+]<\/a><\/p>\n","protected":false},"author":432,"featured_media":0,"parent":0,"menu_order":0,"comment_status":"closed","ping_status":"closed","template":"","meta":[],"acf":[],"_links":{"self":[{"href":"https:\/\/ucsfd-caba.infd.edu.ar\/sitio\/wp-json\/wp\/v2\/pages\/755"}],"collection":[{"href":"https:\/\/ucsfd-caba.infd.edu.ar\/sitio\/wp-json\/wp\/v2\/pages"}],"about":[{"href":"https:\/\/ucsfd-caba.infd.edu.ar\/sitio\/wp-json\/wp\/v2\/types\/page"}],"author":[{"embeddable":true,"href":"https:\/\/ucsfd-caba.infd.edu.ar\/sitio\/wp-json\/wp\/v2\/users\/432"}],"replies":[{"embeddable":true,"href":"https:\/\/ucsfd-caba.infd.edu.ar\/sitio\/wp-json\/wp\/v2\/comments?post=755"}],"version-history":[{"count":13,"href":"https:\/\/ucsfd-caba.infd.edu.ar\/sitio\/wp-json\/wp\/v2\/pages\/755\/revisions"}],"predecessor-version":[{"id":778,"href":"https:\/\/ucsfd-caba.infd.edu.ar\/sitio\/wp-json\/wp\/v2\/pages\/755\/revisions\/778"}],"wp:attachment":[{"href":"https:\/\/ucsfd-caba.infd.edu.ar\/sitio\/wp-json\/wp\/v2\/media?parent=755"}],"curies":[{"name":"wp","href":"https:\/\/api.w.org\/{rel}","templated":true}]}}